 196498?
True
Does 2 divide 259?
False
Is 878774 a multiple of 159?
False
Is 307 a factor of 701188?
True
Is 27966 a multiple of 18?
False
Is 30 a factor of 7196?
False
Is 696040 a multiple of 20?
True
Does 105 divide 69749?
False
Is 180 a factor of 344340?
True
Is 6444122 a multiple of 63?
False
Is 6499214 a multiple of 879?
False
Is 5 a factor of 2805190?
True
Is 93 a factor of 1191310?
False
Is 27 a factor of 6240402?
True
Is 23 a factor of 261060?
False
Does 177 divide 5539083?
False
Is 4 a factor of 149939?
False
Is 474 a factor of 285348?
True
Does 19 divide 396924?
False
Is 88 a factor of 737264?
True
Is 5209078 a multiple of 9?
False
Does 6 divide 2853882?
True
Is 1968 a multiple of 4?
True
Is 197820 a multiple of 105?
True
Is 28 a factor of 2842648?
False
Does 770 divide 6938470?
True
Is 104025 a multiple of 75?
True
Is 211654 a multiple of 21?
False
Is 93 a factor of 167958?
True
Is 279 a factor of 3373082?
False
Is 645835 a multiple of 266?
False
Does 16 divide 3477760?
True
Does 5 divide 33259?
False
Does 2 divide 25082?
True
Does 61 divide 177998?
True
Does 108 divide 321507?
False
Is 8632995 a multiple of 12?
False
Is 760989 a multiple of 10?
False
Does 347 divide 5987832?
True
Is 666325 even?
False
Is 137 a factor of 1816209?
True
Does 6 divide 16944?
True
Does 81 divide 3470987?
False
Does 30 divide 2975531?
False
Is 321 a factor of 264825?
True
Is 85500 a multiple of 116?
False
Is 17 a factor of 29987?
False
Does 365 divide 1967350?
True
Is 16 a factor of 584640?
True
Is 13447 a multiple of 17?
True
Is 181 a factor of 308062?
True
Is 92 a factor of 376832?
True
Does 11 divide 22377388?
True
Is 88 a factor of 127671?
False
Does 198 divide 135925?
False
Is 219291 a multiple of 201?
True
Does 470 divide 2661140?
True
Is 56 a factor of 401390?
False
Is 43 a factor of 646313?
False
Is 11888758 a multiple of 2055?
False
Does 12 divide 83666?
False
Is 36 a factor of 556236?
True
Is 501 a factor of 161322?
True
Is 8 a factor of 8362?
False
Is 96 a factor of 570792?
False
Does 235 divide 507600?
True
Is 641 a factor of 8566600?
False
Does 16 divide 180443?
False
Is 23 a factor of 3064485?
False
Is 234189 a multiple of 11?
False
Does 25 divide 1616736?
False
Is 1804157 a multiple of 1149?
False
Is 446 a factor of 3306198?
True
Is 9851832 a multiple of 72?
True
Is 865622 a multiple of 443?
True
Does 95 divide 369045?
False
Is 2675979 a multiple of 171?
True
Is 5 a factor of 49619?
False
Does 2 divide 1213209?
False
Is 13 a factor of 100373?
True
Is 55 a factor of 960410?
True
Is 122 a factor of 57584?
True
Is 662314 a multiple of 106?
False
Is 51651 a multiple of 16?
False
Is 76106 a multiple of 9?
False
Is 11 a factor of 512163?
False
Does 62 divide 1055115?
False
Is 20 a factor of 4309240?
True
Is 36 a factor of 8713332?
True
Is 11 a factor of 232886?
False
Is 2743257 a multiple of 326?
False
Is 115 a factor of 445368?
False
Is 33 a factor of 38016?
True
Is 1170860 a multiple of 42?
False
Is 9563280 a multiple of 21?
False
Is 88 a factor of 332288?
True
Is 14 a factor of 26516?
True
Is 308 a factor of 4165084?
True
Does 15 divide 595755?
True
Is 301067 a multiple of 56?
False
Is 194668 a multiple of 311?
False
Is 115840 a multiple of 320?
True
Is 88 a factor of 2334376?
True
Does 135 divide 224370?
True
Is 7332048 a multiple of 1062?
True
Does 27 divide 206845?
False
Is 499552 a multiple of 8?
True
Is 152 a factor of 184077?
False
Does 98 divide 203533?
False
Is 12485004 a multiple of 294?
True
Is 68 a factor of 10840478?
False
Does 9 divide 26433?
True
Does 112 divide 12767664?
True
Does 9 divide 2559213?
True
Is 17 a factor of 9554?
True
Does 88 divide 150198?
False
Does 27 divide 28127?
False
Is 179 a factor of 2716146?
True
Is 10 a factor of 1160180?
True
Is 3066702 a multiple of 107?
False
Does 78 divide 11278722?
True
Does 4 divide 4940333?
False
Is 265 a factor of 5477490?
False
Does 16 divide 15385485?
False
Is 494904 a multiple of 136?
True
Is 52 a factor of 147059?
False
Is 256 a factor of 317509?
False
Is 14816660 a multiple of 68?
False
Is 12622264 a multiple of 19?
False
Does 11 divide 30036?
False
Is 2 a factor of 44079?
False
Does 22 divide 5460558?
False
Is 768248 a multiple of 1157?
True
Does 49 divide 5653456?
False
Is 1699848 a multiple of 660?
False
Is 161 a factor of 453605?
False
Does 14 divide 689266?
False
Is 169907 a multiple of 43?
False
Does 153 divide 134057?
False
Is 128520 a multiple of 68?
True
Is 68116 a multiple of 117?
False
Is 6748971 a multiple of 20?
False
Is 2898304 a multiple of 36?
False
Is 45777 a multiple of 11?
False
Is 177 a factor of 642230?
False
Does 57 divide 3238911?
True
Is 696 a factor of 8547137?
False
Is 959186 a multiple of 12?
False
Is 306896 a multiple of 4?
True
Is 515376 a multiple of 48?
True
Is 9594975 a multiple of 169?
True
Does 8 divide 1369752?
True
Does 55 divide 3285480?
True
Does 650 divide 489181?
False
Does 184 divide 716680?
True
Is 11 a factor of 804254?
True
Is 7 a factor of 33755?
False
Does 16 divide 2160043?
False
Does 114 divide 173019?
False
Does 17 divide 8605196?
True
Is 10 a factor of 479710?
True
Is 859716 a multiple of 52?
True
Does 22 divide 16055204?
True
Is 218 a factor of 921870?
False
Is 1677520 a multiple of 104?
True
Is 190164 even?
True
Is 116259 a multiple of 39?
True
Is 21 a factor of 145299?
True
Is 14219865 a multiple of 9?
True
Is 56 a factor of 126168?
True
Is 899537 a multiple of 2?
False
Does 8 divide 147480?
True
Does 165 divide 1477702?
False
Is 299 a factor of 429364?
True
Does 9 divide 58086?
True
Is 569648 a multiple of 18?
False
Is 9152 a multiple of 73?
False
Is 363 a factor of 86267?
False
Does 1084 divide 17013218?
False
Is 156 a factor of 702312?
True
Is 94898 a multiple of 430?
False
Does 429 divide 1548261?
True
Is 19 a factor of 86545?
True
Is 18954 a multiple of 26?
True
Is 988728 a multiple of 104?
True
Is 66682 a multiple of 6?
False
Is 12 a factor of 14388?
True
Is 57 a factor of 1600788?
True
Is 181 a factor of 4508804?
False
Does 21 divide 236003?
False
Is 2565943 a multiple of 5?
False
Does 141 divide 2583966?
True
Is 90 a factor of 3927330?
True
Is 304310 a multiple of 737?
False
Does 4 divide 1469896?
True
Is 278 a factor of 946312?
True
Is 62652 a multiple of 10?
False
Is 45699 a multiple of 353?
False
Does 136 divide 301104?
True
Does 30 divide 426405?
False
Is 331 a factor of 375354?
True
Does 11 divide 191950?
True
Is 163362 a multiple of 57?
True
Does 317 divide 741146?
True
Does 17 divide 592127?
True
Is 16 a factor of 113200?
True
Is 5737017 a multiple of 203?
False
Does 63 divide 22940228?
False
Does 87 divide 4594470?
True
Is 20043069 a multiple of 98?
False
Is 336123 a multiple of 25?
False
Does 117 divide 3909672?
True
Is 289 a factor of 19118?
False
Is 2 a factor of 606172?
True
Is 357944 a multiple of 26?
False
Is 23 a factor of 1911116?
True
Is 2234720 a multiple of 80?
True
Is 2 a factor of 3705?
False
Is 44 a factor of 48059?
False
Does 6 divide 63185?
False
Does 26 divide 25426?
False
Does 1603 divide 9876558?
False
Is 82 a factor of 152274?
True
Is 700035 a multiple of 217?
False
Is 1743812 a multiple of 686?
True
Does 236 divide 312656?
False
Does 183 divide 111630?
True
Is 334 a factor of 998994?
True
Is 6604092 a multiple of 27?
True
Is 1216349 a multiple of 13?
False
Is 8029 a multiple of 37?
True
Is 56 a factor of 152380?
False
Does 42 divide 337722?
True
Is 207 a factor of 295244?
False
Is 77553 a multiple of 96?
False
Is 3448960 a multiple of 32?
True
Does 15 divide 5236620?
True
Does 430 divide 2560353?
False
Is 4 a factor of 10672?
True
Does 213 divide 747810?
False
Is 9776 a multiple of 13?
True
Is 19 a factor of 15967316?
False
Does 7 divide 72345?
True
Does 62 divide 452538?
True
Does 49 divide 255927?
True
Is 1361450 a multiple of 746?
True
Is 25 a factor of 1947000?
True
Is 119 a factor of 482545?
True
Does 12 divide 2184924?
True
Does 514 divide 5367384?
False
Is 12 a factor of 24166836?
True
Is 66960 a multiple of 62?
True
Is 683924 a multiple of 4?
True
Does 179 divide 438908?
True
Is 164 a factor of 868911?
False
Does 436 divide 27526424?
True
Is 100344 a multiple of 3?
True
Is 543710 a multiple of 94?
False
Is 177180 a multiple of 20?
True
Is 13965 a multiple of 133?
True
Is 4